{"id":463,"date":"2020-11-17T16:53:21","date_gmt":"2020-11-17T16:53:21","guid":{"rendered":"https:\/\/marcepany.pl\/?page_id=463"},"modified":"2020-11-30T10:43:27","modified_gmt":"2020-11-30T10:43:27","slug":"plebiscyty-roku-1920-i-1921","status":"publish","type":"page","link":"https:\/\/marcepany.pl\/?page_id=463","title":{"rendered":"PLEBISCYTY ROKU 1920 I 1921"},"content":{"rendered":"\n<figure class=\"wp-block-gallery columns-4 is-cropped\"><ul class=\"blocks-gallery-grid\"><li class=\"blocks-gallery-item\"><figure><a href=\"https:\/\/marcepany.pl\/wpmm\/wystawy\/plebiscyty01.pdf\"><img loading=\"lazy\" decoding=\"async\" width=\"724\" height=\"1024\" src=\"https:\/\/marcepany.pl\/wpmm\/wp-content\/uploads\/2020\/10\/plebiscyty01-724x1024.jpg\" alt=\"Plansza numer 1 - PLEBISCYTY ROKU 1920 I 1921\" data-id=\"464\" data-full-url=\"https:\/\/marcepany.pl\/wpmm\/wp-content\/uploads\/2020\/10\/plebiscyty01.jpg\" data-link=\"https:\/\/marcepany.pl\/?attachment_id=464\" class=\"wp-image-464\"><\/a><\/figure><\/li><li class=\"blocks-gallery-item\"><figure><a href=\"https:\/\/marcepany.pl\/wpmm\/wystawy\/plebiscyty02.pdf\"><img loading=\"lazy\" decoding=\"async\" width=\"724\" height=\"1024\" src=\"https:\/\/marcepany.pl\/wpmm\/wp-content\/uploads\/2020\/10\/plebiscyty02-724x1024.jpg\" alt=\"Plansza numer 2 - O KSZTA\u0141T PRZYSZ\u0141EJ POLSKI\" data-id=\"465\" data-full-url=\"https:\/\/marcepany.pl\/wpmm\/wp-content\/uploads\/2020\/10\/plebiscyty02.jpg\" data-link=\"https:\/\/marcepany.pl\/?attachment_id=465\" class=\"wp-image-465\"><\/a><\/figure><\/li><li class=\"blocks-gallery-item\"><figure><a href=\"https:\/\/marcepany.pl\/wpmm\/wystawy\/plebiscyty03.pdf\"><img loading=\"lazy\" decoding=\"async\" width=\"724\" height=\"1024\" src=\"https:\/\/marcepany.pl\/wpmm\/wp-content\/uploads\/2020\/10\/plebiscyty03-724x1024.jpg\" alt=\"Plansza numer 3 - ROMANA DMOWSKIEGO WIZJA POLSKI\" data-id=\"466\" data-full-url=\"https:\/\/marcepany.pl\/wpmm\/wp-content\/uploads\/2020\/10\/plebiscyty03.jpg\" data-link=\"https:\/\/marcepany.pl\/?attachment_id=466\" class=\"wp-image-466\"><\/a><\/figure><\/li><li class=\"blocks-gallery-item\"><figure><a href=\"https:\/\/marcepany.pl\/wpmm\/wystawy\/plebiscyty04.pdf\"><img loading=\"lazy\" decoding=\"async\" width=\"724\" height=\"1024\" src=\"https:\/\/marcepany.pl\/wpmm\/wp-content\/uploads\/2020\/10\/plebiscyty04-724x1024.jpg\" alt=\"Plansza numer 4 - PLEBISCYTY\" data-id=\"467\" data-full-url=\"https:\/\/marcepany.pl\/wpmm\/wp-content\/uploads\/2020\/10\/plebiscyty04.jpg\" data-link=\"https:\/\/marcepany.pl\/?attachment_id=467\" class=\"wp-image-467\"><\/a><\/figure><\/li><li class=\"blocks-gallery-item\"><figure><a href=\"https:\/\/marcepany.pl\/wpmm\/wystawy\/plebiscyty05.pdf\"><img loading=\"lazy\" decoding=\"async\" width=\"724\" height=\"1024\" src=\"https:\/\/marcepany.pl\/wpmm\/wp-content\/uploads\/2020\/10\/plebiscyty05-724x1024.jpg\" alt=\"Plansza numer 5 - KALENDARIUM PLEBISCYT\u00d3W\" data-id=\"468\" data-full-url=\"https:\/\/marcepany.pl\/wpmm\/wp-content\/uploads\/2020\/10\/plebiscyty05.jpg\" data-link=\"https:\/\/marcepany.pl\/?attachment_id=468\" class=\"wp-image-468\"><\/a><\/figure><\/li><li class=\"blocks-gallery-item\"><figure><a href=\"https:\/\/marcepany.pl\/wpmm\/wystawy\/plebiscyty06.pdf\"><img loading=\"lazy\" decoding=\"async\" width=\"724\" height=\"1024\" src=\"https:\/\/marcepany.pl\/wpmm\/wp-content\/uploads\/2020\/10\/plebiscyty06-724x1024.jpg\" alt=\"Plansza numer 6 - PLEBISCYT NA WARMII, MAZURACH I POWI\u015aLU\" data-id=\"469\" data-full-url=\"https:\/\/marcepany.pl\/wpmm\/wp-content\/uploads\/2020\/10\/plebiscyty06.jpg\" data-link=\"https:\/\/marcepany.pl\/?attachment_id=469\" class=\"wp-image-469\"><\/a><\/figure><\/li><li class=\"blocks-gallery-item\"><figure><a href=\"https:\/\/marcepany.pl\/wpmm\/wystawy\/plebiscyty07.pdf\"><img loading=\"lazy\" decoding=\"async\" width=\"724\" height=\"1024\" src=\"https:\/\/marcepany.pl\/wpmm\/wp-content\/uploads\/2020\/10\/plebiscyty07-724x1024.jpg\" alt=\"Plansza numer 7 - PLEBISCYT NA \u015aL\u0104SKU\" data-id=\"470\" data-full-url=\"https:\/\/marcepany.pl\/wpmm\/wp-content\/uploads\/2020\/10\/plebiscyty07.jpg\" data-link=\"https:\/\/marcepany.pl\/?attachment_id=470\" class=\"wp-image-470\"><\/a><\/figure><\/li><\/ul><\/figure>\n\n\n\n<p class=\"has-black-color has-text-color\">Wystawa w wersji tekstowej PDF dla czytnik\u00f3w ekranowych:<br>\n<a href=\"https:\/\/marcepany.pl\/wpmm\/wystawy\/plebiscyty\/Plansza_nr_1.pdf\">\nPlansza numer 1 &#8211; PLEBISCYTY ROKU 1920 I 1921<\/a><br>\n<a href=\"https:\/\/marcepany.pl\/wpmm\/wystawy\/plebiscyty\/Plansza_nr_2.pdf\">\nPlansza numer 2 &#8211; O KSZTA\u0141T PRZYSZ\u0141EJ POLSKI<\/a><br>\n<a href=\"https:\/\/marcepany.pl\/wpmm\/wystawy\/plebiscyty\/Plansza_nr_3.pdf\">\nPlansza numer 3 &#8211; ROMANA DMOWSKIEGO WIZJA POLSKI<\/a><br>\n<a href=\"https:\/\/marcepany.pl\/wpmm\/wystawy\/plebiscyty\/Plansza_nr_4.pdf\">\nPlansza numer 4 &#8211; PLEBISCYTY<\/a><br>\n<a href=\"https:\/\/marcepany.pl\/wpmm\/wystawy\/plebiscyty\/Plansza_nr_5.pdf\">\nPlansza numer 5 &#8211; KALENDARIUM PLEBISCYT\u00d3W<\/a><br>\n<a href=\"https:\/\/marcepany.pl\/wpmm\/wystawy\/plebiscyty\/Plansza_nr_6.pdf\">\nPlansza numer 6 &#8211; PLEBISCYT NA WARMII, MAZURACH I POWI\u015aLU<\/a><br>\n<a href=\"https:\/\/marcepany.pl\/wpmm\/wystawy\/plebiscyty\/Plansza_nr_7.pdf\">\nPlansza numer 7 &#8211; PLEBISCYT NA \u015aL\u0104SKU<\/a><br>\n<a href=\"https:\/\/marcepany.pl\/wpmm\/wystawy\/plebiscyty\/Plansza_nr_8.pdf\">\nPlansza numer 8 &#8211; CZY WIESZ, \u017bE &#8230;<\/a><br>\n<\/p>\n","protected":false},"excerpt":{"rendered":"<p>Wystawa w wersji tekstowej PDF dla czytnik\u00f3w ekranowych: Plansza numer 1 &#8211; PLEBISCYTY ROKU 1920 I 1921 Plansza numer 2 &#8211; O KSZTA\u0141T PRZYSZ\u0141EJ POLSKI Plansza numer 3 &#8211; ROMANA DMOWSKIEGO WIZJA POLSKI Plansza numer 4 &#8211; PLEBISCYTY Plansza numer 5 &#8211; KALENDARIUM PLEBISCYT\u00d3W Plansza numer 6 &#8211; PLEBISCYT NA WARMII, MAZURACH I POWI\u015aLU Plansza &#8230;.&nbsp;&nbsp;<a class=\" default\" href=\"https:\/\/marcepany.pl\/?page_id=463\">Read More<\/a><\/p>\n","protected":false},"author":1,"featured_media":0,"parent":0,"menu_order":0,"comment_status":"closed","ping_status":"closed","template":"","meta":{"footnotes":"","_links_to":"","_links_to_target":""},"class_list":["post-463","page","type-page","status-publish","hentry"],"_links":{"self":[{"href":"https:\/\/marcepany.pl\/index.php?rest_route=\/wp\/v2\/pages\/463","targetHints":{"allow":["GET"]}}],"collection":[{"href":"https:\/\/marcepany.pl\/index.php?rest_route=\/wp\/v2\/pages"}],"about":[{"href":"https:\/\/marcepany.pl\/index.php?rest_route=\/wp\/v2\/types\/page"}],"author":[{"embeddable":true,"href":"https:\/\/marcepany.pl\/index.php?rest_route=\/wp\/v2\/users\/1"}],"replies":[{"embeddable":true,"href":"https:\/\/marcepany.pl\/index.php?rest_route=%2Fwp%2Fv2%2Fcomments&post=463"}],"version-history":[{"count":7,"href":"https:\/\/marcepany.pl\/index.php?rest_route=\/wp\/v2\/pages\/463\/revisions"}],"predecessor-version":[{"id":538,"href":"https:\/\/marcepany.pl\/index.php?rest_route=\/wp\/v2\/pages\/463\/revisions\/538"}],"wp:attachment":[{"href":"https:\/\/marcepany.pl\/index.php?rest_route=%2Fwp%2Fv2%2Fmedia&parent=463"}],"curies":[{"name":"wp","href":"https:\/\/api.w.org\/{rel}","templated":true}]}}