{"id":86,"date":"2020-08-26T15:46:04","date_gmt":"2020-08-26T15:46:04","guid":{"rendered":"https:\/\/marcepany.pl\/wp\/?page_id=86"},"modified":"2020-10-30T08:53:32","modified_gmt":"2020-10-30T08:53:32","slug":"projekty-i-granty","status":"publish","type":"page","link":"https:\/\/marcepany.pl\/?page_id=86","title":{"rendered":"Projekty i granty"},"content":{"rendered":"\n<p class=\"has-black-color has-text-color\">Narodowe Centrum Kultury \u201eKultura w sieci\u201d \u2013 grant: \u201eMuzeum Marcepan\u00f3w \u2013 kulinarna przesz\u0142o\u015b\u0107 i tera\u017aniejszo\u015b\u0107\u201d \u2013 2020<\/p>\n","protected":false},"excerpt":{"rendered":"<p>Narodowe Centrum Kultury \u201eKultura w sieci\u201d \u2013 grant: \u201eMuzeum Marcepan\u00f3w \u2013 kulinarna przesz\u0142o\u015b\u0107 i tera\u017aniejszo\u015b\u0107\u201d \u2013 2020<\/p>\n","protected":false},"author":1,"featured_media":0,"parent":0,"menu_order":0,"comment_status":"closed","ping_status":"closed","template":"","meta":{"footnotes":"","_links_to":"","_links_to_target":""},"class_list":["post-86","page","type-page","status-publish","hentry"],"_links":{"self":[{"href":"https:\/\/marcepany.pl\/index.php?rest_route=\/wp\/v2\/pages\/86","targetHints":{"allow":["GET"]}}],"collection":[{"href":"https:\/\/marcepany.pl\/index.php?rest_route=\/wp\/v2\/pages"}],"about":[{"href":"https:\/\/marcepany.pl\/index.php?rest_route=\/wp\/v2\/types\/page"}],"author":[{"embeddable":true,"href":"https:\/\/marcepany.pl\/index.php?rest_route=\/wp\/v2\/users\/1"}],"replies":[{"embeddable":true,"href":"https:\/\/marcepany.pl\/index.php?rest_route=%2Fwp%2Fv2%2Fcomments&post=86"}],"version-history":[{"count":3,"href":"https:\/\/marcepany.pl\/index.php?rest_route=\/wp\/v2\/pages\/86\/revisions"}],"predecessor-version":[{"id":394,"href":"https:\/\/marcepany.pl\/index.php?rest_route=\/wp\/v2\/pages\/86\/revisions\/394"}],"wp:attachment":[{"href":"https:\/\/marcepany.pl\/index.php?rest_route=%2Fwp%2Fv2%2Fmedia&parent=86"}],"curies":[{"name":"wp","href":"https:\/\/api.w.org\/{rel}","templated":true}]}}