{"id":92,"date":"2020-08-26T15:47:42","date_gmt":"2020-08-26T15:47:42","guid":{"rendered":"https:\/\/marcepany.pl\/wp\/?page_id=92"},"modified":"2025-01-20T12:07:55","modified_gmt":"2025-01-20T12:07:55","slug":"warsztaty-marcepanowe","status":"publish","type":"page","link":"https:\/\/marcepany.pl\/?page_id=92","title":{"rendered":"Warsztaty marcepanowe"},"content":{"rendered":"\n<p class=\"has-black-color has-text-color\">Czy wiesz &#8230;.<\/p>\n\n\n\n<p class=\"has-black-color has-text-color\">kiedy czekolada jest gorzka?<\/p>\n\n\n\n<p class=\"has-black-color has-text-color\">co to jest rachat\u0142ukum?<\/p>\n\n\n\n<p class=\"has-black-color has-text-color\">czym r\u00f3\u017cni\u0105 si\u0119 lody od sorbetu?<\/p>\n\n\n\n<p class=\"has-black-color has-text-color\">czy s\u0142odycze mog\u0142y mie\u0107 charakter leczniczy?<\/p>\n\n\n\n<p class=\"has-black-color has-text-color\">Wszystkiego dowiesz si\u0119 podczas warsztat\u00f3w marcepanowych. Nawet tego, kto i kiedy w Piotrkowie produkowa\u0142 marcepany!<\/p>\n\n\n\n<p class=\"has-black-color has-text-color\">Uczestnik warsztat\u00f3w zapoznaje si\u0119 z dziejami s\u0142odyczy, a zw\u0142aszcza z histori\u0105 marcepan\u00f3w, popularnego smako\u0142yku pochodzenia wschodniego, Dowiaduje si\u0119 tak\u017ce, kiedy aptekarze produkowali marcepany i czy s\u0142odycze mog\u0105 by\u0107 lekarstwem. W cz\u0119\u015bci praktycznej w\u0142asnor\u0119cznie przygotowuje z naturalnych sk\u0142adnik\u00f3w marcepan, co po\u015bwiadcza wystawiony dyplom.<\/p>\n\n\n\n<p class=\"has-black-color has-text-color\">Cena 25 z\u0142\/osoba (zapraszamy grupy zorganizowane po wcze\u015bniejszym uzgodnieniu terminu)<\/p>\n\n\n\n<p class=\"has-black-color has-text-color\">Czas trwania \u2013 ok. 60 min<\/p>\n","protected":false},"excerpt":{"rendered":"<p>Czy wiesz &#8230;. kiedy czekolada jest gorzka? co to jest rachat\u0142ukum? czym r\u00f3\u017cni\u0105 si\u0119 lody od sorbetu? czy s\u0142odycze mog\u0142y mie\u0107 charakter leczniczy? Wszystkiego dowiesz si\u0119 podczas warsztat\u00f3w marcepanowych. Nawet tego, kto i kiedy w Piotrkowie produkowa\u0142 marcepany! Uczestnik warsztat\u00f3w zapoznaje si\u0119 z dziejami s\u0142odyczy, a zw\u0142aszcza z histori\u0105 marcepan\u00f3w, popularnego smako\u0142yku pochodzenia wschodniego, Dowiaduje &#8230;.&nbsp;&nbsp;<a class=\" default\" href=\"https:\/\/marcepany.pl\/?page_id=92\">Read More<\/a><\/p>\n","protected":false},"author":1,"featured_media":0,"parent":0,"menu_order":0,"comment_status":"closed","ping_status":"closed","template":"","meta":{"footnotes":"","_links_to":"","_links_to_target":""},"class_list":["post-92","page","type-page","status-publish","hentry"],"_links":{"self":[{"href":"https:\/\/marcepany.pl\/index.php?rest_route=\/wp\/v2\/pages\/92","targetHints":{"allow":["GET"]}}],"collection":[{"href":"https:\/\/marcepany.pl\/index.php?rest_route=\/wp\/v2\/pages"}],"about":[{"href":"https:\/\/marcepany.pl\/index.php?rest_route=\/wp\/v2\/types\/page"}],"author":[{"embeddable":true,"href":"https:\/\/marcepany.pl\/index.php?rest_route=\/wp\/v2\/users\/1"}],"replies":[{"embeddable":true,"href":"https:\/\/marcepany.pl\/index.php?rest_route=%2Fwp%2Fv2%2Fcomments&post=92"}],"version-history":[{"count":8,"href":"https:\/\/marcepany.pl\/index.php?rest_route=\/wp\/v2\/pages\/92\/revisions"}],"predecessor-version":[{"id":740,"href":"https:\/\/marcepany.pl\/index.php?rest_route=\/wp\/v2\/pages\/92\/revisions\/740"}],"wp:attachment":[{"href":"https:\/\/marcepany.pl\/index.php?rest_route=%2Fwp%2Fv2%2Fmedia&parent=92"}],"curies":[{"name":"wp","href":"https:\/\/api.w.org\/{rel}","templated":true}]}}

<p class="has-black-color has-text-color">Czy wiesz &#8230;.</p>



<p class="has-black-color has-text-color">kiedy czekolada jest gorzka?</p>



<p class="has-black-color has-text-color">co to jest rachatłukum?</p>



<p class="has-black-color has-text-color">czym różnią się lody od sorbetu?</p>



<p class="has-black-color has-text-color">czy słodycze mogły mieć charakter leczniczy?</p>



<p class="has-black-color has-text-color">Wszystkiego dowiesz się podczas warsztatów marcepanowych. Nawet tego, kto i kiedy w Piotrkowie produkował marcepany!</p>



<p class="has-black-color has-text-color">Uczestnik warsztatów zapoznaje się z dziejami słodyczy, a zwłaszcza z historią marcepanów, popularnego smakołyku pochodzenia wschodniego, Dowiaduje się także, kiedy aptekarze produkowali marcepany i czy słodycze mogą być lekarstwem. W części praktycznej własnoręcznie przygotowuje z naturalnych składników marcepan, co poświadcza wystawiony dyplom.</p>



<p class="has-black-color has-text-color">Cena 25 zł/osoba (zapraszamy grupy zorganizowane po wcześniejszym uzgodnieniu terminu)</p>



<p class="has-black-color has-text-color">Czas trwania – ok. 60 min</p>

<p>Czy wiesz &#8230;. kiedy czekolada jest gorzka? co to jest rachatłukum? czym różnią się lody od sorbetu? czy słodycze mogły mieć charakter leczniczy? Wszystkiego dowiesz się podczas warsztatów marcepanowych. Nawet tego, kto i kiedy w Piotrkowie produkował marcepany! Uczestnik warsztatów zapoznaje się z dziejami słodyczy, a zwłaszcza z historią marcepanów, popularnego smakołyku pochodzenia wschodniego, Dowiaduje &#8230;.&nbsp;&nbsp;<a class=" default" href="https://marcepany.pl/?page_id=92">Read More</a></p>
