{"id":98,"date":"2020-08-26T15:48:57","date_gmt":"2020-08-26T15:48:57","guid":{"rendered":"https:\/\/marcepany.pl\/wp\/?page_id=98"},"modified":"2020-10-30T08:49:06","modified_gmt":"2020-10-30T08:49:06","slug":"gry-miejskie","status":"publish","type":"page","link":"https:\/\/marcepany.pl\/?page_id=98","title":{"rendered":"Gry miejskie"},"content":{"rendered":"\n<p class=\"has-black-color has-text-color\"><em>W go\u015bcinie u marsza\u0142ka Trybuna\u0142u Koronnego Paw\u0142a Piotra Sapiehy <\/em>(dla starszych)<\/p>\n\n\n\n<p><\/p>\n\n\n\n<p><\/p>\n\n\n\n<p><\/p>\n\n\n\n<p class=\"has-black-color has-text-color\"><em>Tajemnica alchemika S\u0119dziwoja<\/em> (dla m\u0142odszych)<\/p>\n\n\n\n<p class=\"has-black-color has-text-color\">Uczestnicy gry zbieraj\u0105 si\u0119 na Rynku Trybunalskim w fundamentach Ratusza, gdzie spotykaj\u0105 goszcz\u0105cego przejazdem w prze\u015bwietnym mie\u015bcie Piotrkowie alchemika S\u0119dziwoja. \u00d3w m\u0119drzec opowiada im o tajemnicach swego fachu, a nast\u0119pnie wspomina, \u017ce z przepracowania zapomnia\u0142 o bardzo wa\u017cnej sprawie i prosi w tajemnym j\u0119zyku o pomoc. Widz\u0105c niezrozumienie w\u015br\u00f3d zebranych zadaje pytanie, co znacz\u0105 wypowiedziane przez niego s\u0142owa. Nast\u0119pnie proponuje zdobycie tajemnej wiedzy, dzieli zgromadzonych na grupy, obdarza mianami zgodnie z alchemicznym nazewnictwem i wysy\u0142a na w\u0119dr\u00f3wk\u0119 pradawnymi ulicami piotrkowskiego grodu.<\/p>\n\n\n\n<p class=\"has-black-color has-text-color\">Czas trwania \u2013 ok. 1.5 godziny<\/p>\n\n\n\n<p class=\"has-black-color has-text-color\"><em>Na ratunek kr\u00f3lowej Bonie<\/em> (dla m\u0142odszych)<\/p>\n","protected":false},"excerpt":{"rendered":"<p>W go\u015bcinie u marsza\u0142ka Trybuna\u0142u Koronnego Paw\u0142a Piotra Sapiehy (dla starszych) Tajemnica alchemika S\u0119dziwoja (dla m\u0142odszych) Uczestnicy gry zbieraj\u0105 si\u0119 na Rynku Trybunalskim w fundamentach Ratusza, gdzie spotykaj\u0105 goszcz\u0105cego przejazdem w prze\u015bwietnym mie\u015bcie Piotrkowie alchemika S\u0119dziwoja. \u00d3w m\u0119drzec opowiada im o tajemnicach swego fachu, a nast\u0119pnie wspomina, \u017ce z przepracowania zapomnia\u0142 o bardzo wa\u017cnej sprawie &#8230;.&nbsp;&nbsp;<a class=\" default\" href=\"https:\/\/marcepany.pl\/?page_id=98\">Read More<\/a><\/p>\n","protected":false},"author":1,"featured_media":0,"parent":0,"menu_order":0,"comment_status":"closed","ping_status":"closed","template":"","meta":{"footnotes":"","_links_to":"","_links_to_target":""},"class_list":["post-98","page","type-page","status-publish","hentry"],"_links":{"self":[{"href":"https:\/\/marcepany.pl\/index.php?rest_route=\/wp\/v2\/pages\/98","targetHints":{"allow":["GET"]}}],"collection":[{"href":"https:\/\/marcepany.pl\/index.php?rest_route=\/wp\/v2\/pages"}],"about":[{"href":"https:\/\/marcepany.pl\/index.php?rest_route=\/wp\/v2\/types\/page"}],"author":[{"embeddable":true,"href":"https:\/\/marcepany.pl\/index.php?rest_route=\/wp\/v2\/users\/1"}],"replies":[{"embeddable":true,"href":"https:\/\/marcepany.pl\/index.php?rest_route=%2Fwp%2Fv2%2Fcomments&post=98"}],"version-history":[{"count":5,"href":"https:\/\/marcepany.pl\/index.php?rest_route=\/wp\/v2\/pages\/98\/revisions"}],"predecessor-version":[{"id":392,"href":"https:\/\/marcepany.pl\/index.php?rest_route=\/wp\/v2\/pages\/98\/revisions\/392"}],"wp:attachment":[{"href":"https:\/\/marcepany.pl\/index.php?rest_route=%2Fwp%2Fv2%2Fmedia&parent=98"}],"curies":[{"name":"wp","href":"https:\/\/api.w.org\/{rel}","templated":true}]}}